 by m?
28
Suppose 0*v = -11*v + 539. Let p(o) = 27*o. Let g be p(-1). Let n = g + v. Calculate the remainder when 84 is divided by n.
18
Let y(f) = 6*f**2 + 4*f + 1. What is the remainder when 3561 is divided by y(-3)?
35
Let a(h) = -12*h - 109. Let j be a(-15). Let f = 19 + j. What is the remainder when f is divided by 24?
18
What is the remainder when 178 is divided by (-1)/(-27)*6*(-1 + 100)?
2
Let v(s) = -s**2 + 14*s + 15. Let b be (-4)/2*(7 + -7 + -7). Calculate the remainder when 41 is divided by v(b).
11
Suppose -5*m + 0*s = 3*s - 24, 5*m + 4*s - 27 = 0. Suppose -6*h = -m*h - 6. Suppose j - 1 = h. What is the remainder when 9 is divided by j?
0
Suppose 6*j = 2*x + 3312, -5*j - 2*x = -3*x - 2758. Let t = j - 499. Calculate the remainder when 299 is divided by t.
39
Let l(o) = 2*o + 3*o**2 - 4*o + o**2 + 2 + 27*o**2. Let g(h) = 9*h**2 + 2*h + 1. What is the remainder when l(1) is divided by g(-1)?
7
Suppose -5*z + 5*o = -2935, 3*o - 236 + 3169 = 5*z. Let j = z - 451. Calculate the remainder when j is divided by 3.
0
Suppose 11*z + 5455 = 5708. Calculate the remainder when 502 is divided by z.
19
Suppose -1601*q = -1616*q + 13755. What is the remainder when q is divided by 171?
62
Let c = 346 + -230. Suppose 6 = s + 3*r - 6, -4*r = 4*s - 48. What is the remainder when c is divided by s?
8
Let c(x) = 3*x**3 + 34*x**2 - 10*x + 187. What is the remainder when 8184 is divided by c(-12)?
14
Let g = 1 - -31. Suppose 16*p - 856 = 12*p. Let k = -87 + p. What is the remainder when k is divided by g?
31
Let z = -27 - -16. Let q(h) = -h**3 - 11*h**2 + 11*h + 3. Let a be q(z). What is the remainder when (a/(-3))/1 + (-2)/(-3) is divided by 21?
19
Suppose 5*v + i + 250 = -2*i, 4*v + 208 = -4*i. Let o = v - -56. What is the remainder when 4 is divided by ((-12)/o)/((-4)/6)?
0
Let l = -5138 - -5217. Calculate the remainder when 6082 is divided by l.
78
Suppose 2*z + 1 + 0 = f, f = -5*z + 29. Suppose -7*i = -f*i + 4. Calculate the remainder when (-38)/(-4) + (-2)/4 is divided by i.
1
Let u(z) = 174*z**2 + 44*z - 136. What is the remainder when u(9) is divided by 99?
98
Suppose 7020 = 40*c + 12*c. Calculate the remainder when c is divided by ((-32)/(-4))/(2/9).
27
Suppose -16*g + 69*g + 1590 = 0. Let p be (22/(-6))/((-1)/(-6)). Let l = p - g. What is the remainder when l is divided by 5?
3
Let q = -11 + -17. Let i = 44 + q. What is the remainder when (1/7 + (-6000)/(-350) - 13)*(0 - -7) is divided by i?
14
Calculate the remainder when ((-9)/(-12))/(173/2100 - (-28)/(-350)) is divided by 29.
25
Suppose 8*m = 21*m - 10972. Calculate the remainder when m is divided by (31 + 34)*(-1 + 2).
64
Let d(v) = v**3 + v**2 + 4*v + 572. Calculate the remainder when d(0) is divided by 25.
22
Let i(q) = -31*q + 17. Let y be i(-9). Suppose 0 = -3*s + y - 266. What is the remainder when s is divided by 9?
1
Suppose -4*f + 560 = 5*h, 3*h = -3*f - 43 + 382. Let o = 107 - h. What is the remainder when 16 is divided by 8 - (4*o)/(6 - 8)?
4
Let q(d) = d**2 - 26*d + 204. What is the remainder when 544 is divided by q(11)?
37
Let v(m) = m**3 - 9*m**2 - 6*m + 15. What is the remainder when 741 is divided by v(11)?
168
Suppose 1123 = 35*f + 146 - 108. Calculate the remainder when 587 is divided by f.
29
Calculate the remainder when 2/(-4) + 107/2 is divided by (-233 + 221)/(6/(-7)).
11
Let z be 18/8 - (-2)/(-8). Suppose -f - 7 = z*u - 3, 4*f - 9 = -3*u. Let g(t) = -129*t - 6704. Calculate the remainder when f is divided by g(-52).
2
Suppose 11*a = 7*a + 96. Suppose -27*l + a*l + 33 = 0. Calculate the remainder when 23 is divided by l.
1
Let r(q) = 114*q - 25. Calculate the remainder when r(2) is divided by 34.
33
Let p = -46 - -85. Let i = 3174 + -1236. Suppose 8*g + i = 25*g. What is the remainder when g is divided by p?
36
Let g(s) = -s**3 + 8*s**2 - 10*s. Let k be g(4). Suppose 9*v - k*v = -1035. Calculate the remainder when v is divided by 32.
5
Suppose -437 - 643 = -12*y. Calculate the remainder when y is divided by 14.
6
Let t be 697/41 + (-1 - -1) + 1. What is the remainder when 98 is divided by t + (-4)/(-24) + 11/6?
18
Let b(y) = -50*y - 1224. What is the remainder when b(-54) is divided by 10?
6
Suppose -3*g = -5*a - 217, 0 = -3*g + a - 0*a + 197. Let t = -140 + 283. What is the remainder when t is divided by g?
15
Let l(a) = -23*a + 205. Let w = -96 + 100. Calculate the remainder when l(5) is divided by w.
2
Let t(d) = -4*d - 11. Let u be t(-6). Suppose u*h = 17*h - 36. Let s = 49 - 46. Calculate the remainder when h is divided by s.
0
Suppose -3*r + 12 = 0, 23*a = 20*a + r + 278. What is the remainder when a is divided by 25?
19
Suppose -12*k + 8*k + 16 = 0. Let u(p) = 2*p - 5. Let x be u(k). Suppose x*o = -5*v + 2, 4*o + 3*v + 2*v = 6. Calculate the remainder when 19 is divided by o.
3
Suppose 63 = -3*m + 24. Calculate the remainder when (-2385)/(-39) - (-1)/m*2 is divided by 3/(-9) + (-97)/(-3).
29
Let l = 378 - 248. What is the remainder when 791 is divided by l?
11
Let a = 124 - 110. Let p = -1 + a. Calculate the remainder when 4/6 - (-916)/12 is divided by p.
12
Suppose 3*r + 213 = -4*u, 0 = -5*r + 5*u - 506 + 186. Let d = -68 - r. What is the remainder when 26 is divided by -5*((-4 - d) + 2)?
1
Suppose -2*m = 94 - 86. Calculate the remainder when m - (-2 - 22 - 3) - -1 is divided by 13.
11
Let g = -3689 - -3737. What is the remainder when 532 is divided by g?
4
Suppose 36*p - 15849 + 9635 - 20714 = 0. What is the remainder when p is divided by 10?
8
Let g = -879 - -1011. What is the remainder when 845 is divided by g?
53
Suppose 7*w + 123 = 8*w + 2*y, -5*w + 594 = 3*y. Calculate the remainder when w is divided by (-92)/(-3) - (2 + (-12)/9).
27
Let o(p) = 62*p + 2. Let v = -2605 + 2629. What is the remainder when o(1) is divided by v?
16
Let q be (-144)/54*81/(-1). Suppose -5*r - 7*d + 3*d + 360 = 0, 3*r - 2*d - q = 0. Let z = -11 + 31. Calculate the remainder when r is divided by z.
12
Suppose -10 = 2*i - 0. Let o(d) = 9*d - 49. Let r(c) = -16*c + 74. Let a(j) = 8*o(j) + 5*r(j). Calculate the remainder when 105 is divided by a(i).
15
Suppose 12*k - 36 = 10*k. Suppose -7*f + 10*f - k = 0. Calculate the remainder when 22 is divided by (f/(-30)*-5)/(2/12).
4
Suppose 163 = 5*v - 122. Let u = v - -10. Let j = 93 - u. What is the remainder when 76 is divided by j?
24
Let q = 15209 - 14325. Calculate the remainder when q is divided by 37.
33
Suppose -3*m + 418 + 399 = 5*c, 5*m + 2*c = 1387. What is the remainder when 628 is divided by m?
70
Let t(s) = 6*s**2 - 974*s + 4873. Calculate the remainder when 4585 is divided by t(5).
148
Let m be 2/4 + (-135)/6. Suppose 0*w - w = -3, -3*w = 2*u - 79. Let t = u + m. What is the remainder when 38 is divided by t?
12
Let b be -1 + 8 - 714/102. Let j(u) = -u**2 + 37*u + 449. What is the remainder when j(b) is divided by 10?
9
Suppose -103 = -37*p + 82. Let s(z) = -z**2 + 10*z - 3. What is the remainder when s(4) is divided by p?
1
Suppose -2*i + 170 = 7*q - 8*q, -2*i + 170 = -4*q. Calculate the remainder when i is divided by -2*(-12 - -14) + 35.
23
Calculate the remainder when 664 is divided by (-105)/280 + (1/(-3) - (-3428)/96).
34
Suppose 3*h + 2*o = 11, -3*o - o = h - 7. Let c be (4/(-3))/(h/(-45)*-2). Let y(i) = i**2 + 8*i + 6. Calculate the remainder when 76 is divided by y(c).
24
Calculate the remainder when -6956*(444/(-592) - (1 + 2/(-2))) is divided by 60.
57
Suppose -29 + 2 = -r. Suppose 4*f = -5*v + 162, v - r*f = -24*f + 21. What is the remainder when 142 is divided by v?
22
Let k(f) = -26*f - 2. Calculate the remainder when k(-4) is divided by 23638/371 + -64 + ((-96)/40)/(14/(-235)).
22
Let p = -45 + 14. Let x = 36 + p. Suppose 0 = 4*t - 4*b - 96, 0*t + x*t + 3*b = 96. Calculate the remainder when 104 is divided by t.
20
Let b = -9 - -24. Let j be 3892/88*8 - 4/(-22). Suppose -157*i - j = -163*i. Calculate the remainder when i is divided by b.
14
Let d be 21/6*(-3 + 137). Let o = d + -306. Calculate the remainder when o is divided by 33.
31
What is the remainder when ((-9)/(-36)*-3 - -1)*4172 is divided by 87?
86
Let f(y) = y**3 - 2*y**2 + y. Let p be f(4). What is the remainder when ((-9)/(-18))/(2/212) is divided by (p/1)/3 - -2?
11
Let m = -101 - -111. Let y(i) = -15*i + 3. Let d be y(-1). Suppose 11*g = d*g - 